{"id":99,"date":"2023-09-30T02:21:57","date_gmt":"2023-09-30T05:21:57","guid":{"rendered":"https:\/\/buenosvientos.com\/web\/?page_id=99"},"modified":"2023-11-05T19:06:20","modified_gmt":"2023-11-05T22:06:20","slug":"madreamadisima","status":"publish","type":"page","link":"https:\/\/buenosvientos.com\/web\/madreamadisima\/","title":{"rendered":"Madre amad\u00edsima"},"content":{"rendered":"\n<div class=\"wp-block-media-text alignwide is-stacked-on-mobile is-vertically-aligned-top has-background\" style=\"background-color:#121212cf;padding-top:var(--wp--preset--spacing--20);padding-right:var(--wp--preset--spacing--20);padding-bottom:var(--wp--preset--spacing--20);padding-left:var(--wp--preset--spacing--20);grid-template-columns:43% auto\"><figure class=\"wp-block-media-text__media\"><img fetchpriority=\"high\" decoding=\"async\" width=\"724\" height=\"1024\" src=\"https:\/\/buenosvientos.com\/web\/wp-content\/uploads\/2023\/09\/afiche-madre-724x1024.jpg\" alt=\"\" class=\"wp-image-71 size-full\" srcset=\"https:\/\/buenosvientos.com\/web\/wp-content\/uploads\/2023\/09\/afiche-madre-724x1024.jpg 724w, https:\/\/buenosvientos.com\/web\/wp-content\/uploads\/2023\/09\/afiche-madre-212x300.jpg 212w, https:\/\/buenosvientos.com\/web\/wp-content\/uploads\/2023\/09\/afiche-madre-768x1086.jpg 768w, https:\/\/buenosvientos.com\/web\/wp-content\/uploads\/2023\/09\/afiche-madre-1086x1536.jpg 1086w, https:\/\/buenosvientos.com\/web\/wp-content\/uploads\/2023\/09\/afiche-madre-1448x2048.jpg 1448w, https:\/\/buenosvientos.com\/web\/wp-content\/uploads\/2023\/09\/afiche-madre.jpg 1587w\" sizes=\"(max-width: 724px) 100vw, 724px\" \/><\/figure><div class=\"wp-block-media-text__content\">\n<p><br><strong>Unipersonal \/ 90 minutos<\/strong><br><br>Autor<br><strong>Santiago Escalante<\/strong><br><br>Actor<br><strong>Oscar Gim\u00e9nez<\/strong><\/p>\n\n\n\n<p>Voz de la madre<br><strong>Pepa Luna<\/strong><br><br>Voz de La Girasol<br><strong>Santiago Escalante<\/strong><br><br>Produci\u00f3n ejecutiva, Dise\u00f1o de luces,<br>Puesta en escena y Direcci\u00f3n<br><strong>Daniel Cinelli<\/strong><br><\/p>\n\n\n\n<hr class=\"wp-block-separator has-alpha-channel-opacity is-style-wide\"\/>\n\n\n\n<h4 class=\"wp-block-heading\">SINOPSIS<\/h4>\n\n\n\n<p>Sur de Espa\u00f1a, hora de la sieta. Alfredito viste a la imagen de la virgen para la procesi\u00f3n.  La soledad de ambos en la peque\u00f1a iglesia de pueblo invita a la confesi\u00f3n.<\/p>\n\n\n\n<p>As\u00ed la figura inm\u00f3vil recibe las alegr\u00edas y las amarguras de la vida del protagonista; desde la infancia en la escuela cat\u00f3lica, el depertar de los sentidos con \u00abEl Javi\u00bb, su paso por \u00abla mili\u00bb durante la \u00e9poca del franquismo m\u00e1s duro, las persecusiones por las que pas\u00f3, los amores perdidos y la siempre emotiva e intensa relaci\u00f3n con su madre.<\/p>\n<\/div><\/div>\n\n\n\n<hr class=\"wp-block-separator alignwide has-alpha-channel-opacity is-style-wide\"\/>\n\n\n\n<h4 class=\"wp-block-heading has-text-align-center\">ADELANTO<\/h4>\n\n\n\n<figure class=\"wp-block-embed alignwide is-type-video is-provider-youtube wp-block-embed-youtube wp-embed-aspect-16-9 wp-has-aspect-ratio\"><div class=\"wp-block-embed__wrapper\">\n<iframe title=\"Madre Amad\u00edsima - Segunda temporada\" width=\"500\" height=\"281\" src=\"https:\/\/www.youtube.com\/embed\/TkOhFEnmKhI?feature=oembed\" frameborder=\"0\" allow=\"accelerometer; autoplay; clipboard-write; encrypted-media; gyroscope; picture-in-picture; web-share\" referrerpolicy=\"strict-origin-when-cross-origin\" allowfullscreen><\/iframe>\n<\/div><\/figure>\n","protected":false},"excerpt":{"rendered":"<p>ADELANTO<\/p>\n","protected":false},"author":2,"featured_media":71,"parent":0,"menu_order":0,"comment_status":"closed","ping_status":"closed","template":"page-escenias","meta":{"footnotes":""},"class_list":["post-99","page","type-page","status-publish","has-post-thumbnail","hentry"],"_links":{"self":[{"href":"https:\/\/buenosvientos.com\/web\/wp-json\/wp\/v2\/pages\/99","targetHints":{"allow":["GET"]}}],"collection":[{"href":"https:\/\/buenosvientos.com\/web\/wp-json\/wp\/v2\/pages"}],"about":[{"href":"https:\/\/buenosvientos.com\/web\/wp-json\/wp\/v2\/types\/page"}],"author":[{"embeddable":true,"href":"https:\/\/buenosvientos.com\/web\/wp-json\/wp\/v2\/users\/2"}],"replies":[{"embeddable":true,"href":"https:\/\/buenosvientos.com\/web\/wp-json\/wp\/v2\/comments?post=99"}],"version-history":[{"count":3,"href":"https:\/\/buenosvientos.com\/web\/wp-json\/wp\/v2\/pages\/99\/revisions"}],"predecessor-version":[{"id":498,"href":"https:\/\/buenosvientos.com\/web\/wp-json\/wp\/v2\/pages\/99\/revisions\/498"}],"wp:featuredmedia":[{"embeddable":true,"href":"https:\/\/buenosvientos.com\/web\/wp-json\/wp\/v2\/media\/71"}],"wp:attachment":[{"href":"https:\/\/buenosvientos.com\/web\/wp-json\/wp\/v2\/media?parent=99"}],"curies":[{"name":"wp","href":"https:\/\/api.w.org\/{rel}","templated":true}]}}